 when 204320 is divided by 6595?
6470
Calculate the remainder when 2925545 is divided by 1019.
1015
Calculate the remainder when 35799285 is divided by 8970.
15
Calculate the remainder when 500526 is divided by 426.
402
What is the remainder when 2402292 is divided by 1200173?
1946
What is the remainder when 114557 is divided by 2221?
1286
Calculate the remainder when 1226943 is divided by 204485.
33
What is the remainder when 8044945 is divided by 1149275?
20
What is the remainder when 29856 is divided by 29769?
87
Calculate the remainder when 253886 is divided by 2641.
350
Calculate the remainder when 4198526 is divided by 2862.
2834
Calculate the remainder when 209259631 is divided by 437.
433
Calculate the remainder when 1947275 is divided by 133.
22
What is the remainder when 16133 is divided by 1673?
1076
Calculate the remainder when 3175711 is divided by 244276.
123
What is the remainder when 20490818 is divided by 2030?
2028
What is the remainder when 530720 is divided by 58767?
1817
Calculate the remainder when 42276 is divided by 4719.
4524
What is the remainder when 32613026 is divided by 302?
46
What is the remainder when 128686361 is divided by 284?
281
Calculate the remainder when 1109665 is divided by 1109665.
0
What is the remainder when 63591654 is divided by 144?
102
What is the remainder when 118262 is divided by 56?
46
What is the remainder when 440976 is divided by 23206?
62
What is the remainder when 3193295 is divided by 3390?
3305
What is the remainder when 40329730 is divided by 18?
10
Calculate the remainder when 4913 is divided by 338.
181
Calculate the remainder when 41986785 is divided by 599810.
85
Calculate the remainder when 1293959 is divided by 11763.
29
What is the remainder when 1621235 is divided by 935?
880
What is the remainder when 774124 is divided by 258036?
16
What is the remainder when 106949 is divided by 459?
2
What is the remainder when 19456 is divided by 17839?
1617
Calculate the remainder when 544714 is divided by 2771.
1598
Calculate the remainder when 1622465 is divided by 376.
25
Calculate the remainder when 439656 is divided by 146547.
15
Calculate the remainder when 414558 is divided by 52.
14
What is the remainder when 153458542 is divided by 343?
342
What is the remainder when 149773 is divided by 37414?
117
Calculate the remainder when 1497702 is divided by 124808.
6
Calculate the remainder when 4529117 is divided by 80876.
61
What is the remainder when 65173 is divided by 21499?
676
Calculate the remainder when 1962613 is divided by 15956.
25
What is the remainder when 5103013 is divided by 237?
166
What is the remainder when 185323263 is divided by 61?
17
Calculate the remainder when 299675 is divided by 149834.
7
What is the remainder when 6807581 is divided by 234?
53
Calculate the remainder when 11689673 is divided by 46.
15
What is the remainder when 101176 is divided by 33719?
19
Calculate the remainder when 1468788 is divided by 306.
294
Calculate the remainder when 21410483 is divided by 369.
365
What is the remainder when 406927 is divided by 23915?
372
What is the remainder when 5467901 is divided by 1378?
1375
Calculate the remainder when 29318448 is divided by 190379.
82
Calculate the remainder when 76152 is divided by 1107.
876
What is the remainder when 83229 is divided by 2683?
56
What is the remainder when 159805 is divided by 99?
19
What is the remainder when 71787 is divided by 2172?
111
What is the remainder when 63692447 is divided by 21230785?
92
Calculate the remainder when 101635745 is divided by 6094.
13
Calculate the remainder when 72597 is divided by 62619.
9978
What is the remainder when 1020776 is divided by 340233?
77
Calculate the remainder when 756803 is divided by 99.
47
What is the remainder when 514014 is divided by 225?
114
What is the remainder when 13125749 is divided by 326?
11
Calculate the remainder when 424187 is divided by 84756.
407
What is the remainder when 272893185 is divided by 24808470?
15
Calculate the remainder when 94065 is divided by 278.
101
Calculate the remainder when 3527880 is divided by 398.
8
What is the remainder when 7304 is divided by 721?
94
What is the remainder when 48009212 is divided by 24004606?
0
What is the remainder when 94523 is divided by 680?
3
What is the remainder when 901323 is divided by 3885?
3
Calculate the remainder when 13294647 is divided by 1685.
1682
What is the remainder when 2066411 is divided by 1033197?
17
Calculate the remainder when 5221491 is divided by 285.
6
Calculate the remainder when 6551 is divided by 3786.
2765
What is the remainder when 627900 is divided by 308?
196
What is the remainder when 2478221 is divided by 36?
17
Calculate the remainder when 2471389 is divided by 64.
29
Calculate the remainder when 8735050 is divided by 176.
170
Calculate the remainder when 627193 is divided by 2054.
723
Calculate the remainder when 8851906 is divided by 1916.
1902
Calculate the remainder when 431163 is divided by 132.
51
What is the remainder when 392725 is divided by 1761?
22
What is the remainder when 1772854 is divided by 151?
114
Calculate the remainder when 84767 is divided by 327.
74
What is the remainder when 1970331 is divided by 87?
42
What is the remainder when 54160777 is divided by 7?
6
Calculate the remainder when 1383167 is divided by 164.
155
Calculate the remainder when 145626 is divided by 190.
86
What is the remainder when 35611 is divided by 611?
173
What is the remainder when 31594561 is divided by 693?
691
What is the remainder when 1415167 is divided by 471609?
340
What is the remainder when 2721232 is divided by 1490?
492
What is the remainder when 643575 is divided by 525?
450
Calculate the remainder when 194133879 is divided by 4021.
4020
Calculate the remainder when 1435717 is divided by 263.
0
Calculate the remainder when 23326635 is divided by 82136.
11
Calculate the remainder when 7700161 is divided by 120.
1
What is the remainder when 388880 is divided by 64793?
122
Calculate the remainder when 333085 is divided by 32942.
3665
Calculate the remainder when 624447 is divided by 739.
731
What is the remainder when 3157136 is divided by 55385?
191
Calculate the remainder when 2862318 is divided by 127.
119
Calculate the remainder when 2022992 is divided by 250.
242
Calculate the remainder when 23473 is divided by 4311.
1918
Calculate the remainder when 83375 is divided by 1250.
875
What is the remainder when 171404 is divided by 228?
176
Calculate the remainder when 9364735 is divided by 4682349.
37
What is the remainder when 782370 is divided by 5286?
42
Calculate the remainder when 117762 is divided by 7237.
1970
What is the remainder when 84918 is divided by 295?
253
What is the remainder when 507346 is divided by 1626?
34
What is the remainder when 1364519 is divided by 4037?
13
What is the remainder when 234205 is divided by 9554?
4909
Calculate the remainder when 1303481 is divided by 1711.
1410
Calculate the remainder when 766563 is divided by 191636.
19
What is the remainder when 2048089 is divided by 873?
31
What is the remainder when 693539 is divided by 22?
11
Calculate the remainder when 18213685 is divided by 9.
7
What is the remainder when 1137336 is divided by 370?
326
Calculate the remainder when 836552 is divided by 431.
412
What is the remainder when 360881032 is divided by 283?
281
What is the remainder when 16610905 is divided by 10?
5
What is the remainder when 35462 is divided by 321?
152
Calculate the remainder when 58545785 is divided by 98.
95
Calculate the remainder when 19299758 is divided by 19299734.
24
What is the remainder when 1696540 is divided by 1696446?
94
Calculate the remainder when 3553529 is divided by 5091.
11
What is the remainder when 15676796 is divided by 1136?
1132
Calculate the remainder when 9350915 is divided by 2924.
2887
Calculate the remainder when 48974 is divided by 247.
68
What is the remainder when 25191871 is divided by 103?
28
What is the remainder when 14726554 is divided by 36?
34
What is the remainder when 18201850 is divided by 1660?
1610
What is the remainder when 2678833 is divided by 54?
1
Calculate the remainder when 526504 is divided by 105295.
29
What is the remainder when 41592278 is divided by 2